2. Suppose -q - q = 2. Let t(f) = -f**3 + f**2 - f - 1. Let s(p) = q*o(p) + t(p). Calculate s(k).
-5
Suppose 3*c = 27 - 24. Let v(x) = -4*x**3 - x + 1. Determine v(c).
-4
Let p(y) be the third derivative of y**5/60 + y**4/6 - y**3/6 - 3*y**2. Let h(o) be the first derivative of p(o). Give h(-4).
-4
Let a(l) be the first derivative of -l**3/3 - 2*l**2 + 2*l - 3. Determine a(-4).
2
Let a(q) = -18*q**3 - 4*q**2 + 5*q - 6. Let p(o) = -17*o**3 - 3*o**2 + 4*o - 5. Let y(c) = -4*a(c) + 5*p(c). Calculate y(1).
-13
Suppose 2*q + q = 6. Let y(a) = a**3 - 3*a + 0*a - 1 + a**q + 2*a. Calculate y(2).
9
Let q = 5 - 11. Let b(c) = -14*c + 14. Let t(d) = 5*d - 5. Let m(f) = q*b(f) - 17*t(f). Give m(3).
-2
Let a(x) = -x**3 - 5*x**2 + 3*x. Let n = -177 + 173. Determine a(n).
-28
Let i(b) be the second derivative of -b**4/12 + b**3/6 + 4*b**2 - b. Suppose 0 = -v + 2*v. Give i(v).
8
Let q be 24/(-1 + -2) - -4. Let y be -7 - (q + -2)/2. Let z(w) = w**3 + 5*w**2 + 6*w + 4. Determine z(y).
-4
Let z(n) = 4*n**2 - 2 - 3*n**2 + 0*n**2 + 5*n. Let w(x) = -8*x + 5. Let i be w(1). Calculate z(i).
-8
Let m(s) = -s**3 + 6*s**2 - s - 2. Let g be m(6). Let u = 15 + -9. Let l = u + g. Let w(q) = -q**2 - 4*q - 3. Calculate w(l).
1
Let x be (3 - -2)*3/5. Let n(i) = i**3 - 2*i**2 + 4*i - 1. Calculate n(x).
20
Suppose 4*f + 35 = 9*f. Let y(m) = 9*m + 14. Let i(o) = 5*o + 7. Let l(t) = f*i(t) - 4*y(t). Let z be l(-8). Let w(s) = 4*s**3 - 2*s**2 + 1. What is w(z)?
3
Let i(j) = 26*j - 5. Let u(d) = 273*d - 52. Let q(t) = 52*i(t) - 5*u(t). Give q(1).
-13
Let q(i) = -5*i**2 - 8*i - 5. Let u(k) = -k**2 - 2*k - 1. Let p(d) = -2*q(d) + 9*u(d). Let a = 6 + -2. What is p(a)?
9
Let s be (-1)/(-2) + 1/(-2). Let k(o) = -o + 9 - 78*o**2 + 78*o**2 + o**3. What is k(s)?
9
Let t be (1 + -3)/(2/(-5)). Let m = t - 3. Let y(p) = -p**3 + p**2 - p + 2. Determine y(m).
-4
Let h = -49 - -46. Let p(j) = -j**2 - 2*j + 1. Give p(h).
-2
Let q = 5 + -8. Let w = -2 - q. Let h(k) = 4*k**3 - k**2 + k - 1. Calculate h(w).
3
Let y(g) = g**2 + 4*g. Suppose 2*r + 0*r = q - 7, 4*q - 5*r - 13 = 0. Calculate y(q).
-3
Let k(p) = p**2 + 6*p + 5. Let l be -2 + (1 - 2 - 1). Let g = 7 + l. Suppose -3*j + 20 = -5*y, -5*y = -j - g*j + 20. Determine k(y).
-3
Let k(i) = -i**2 + i + 1. Let b(x) = -x**3 + x**2 - 2*x + 2. Let u(l) = -b(l) - 2*k(l). Determine u(0).
-4
Let p(g) = g**2 - 6*g + 4. Let v(j) = -j**2 + 3*j - 2. Let m be v(2). Suppose 2*q + m*q = 12. Suppose q = u + 2. What is p(u)?
-4
Suppose 2*i + 2*u - 8 = 0, 0 = -i + 4*i - 2*u - 7. Suppose 0 = -r - n - i, -n = -r + n + 6. Let o(h) = -2*h + h**3 + 0*h**2 + h + h**2. Determine o(r).
0
Suppose -15 = -5*k - 5*f, 3*f + 13 + 2 = 5*k. Suppose 4*p - 1 = k*p. Let w(t) = -2*t + 9. Let s(y) = -y + 5. Let c(g) = 11*s(g) - 6*w(g). Give c(p).
2
Let v(t) = t**3 + 4*t**2 - t - 2. Let b be v(-4). Let z(h) = -13*h + 3. Give z(b).
-23
Let r(a) = -4*a + 8 + 2*a + a + 2*a. Give r(6).
14
Let z(g) = g**2 - 3. Let t(m) = -m - 1. Let c be t(-4). Calculate z(c).
6
Let c(x) = -x - 7. Let y be c(-9). Let b(i) = -i**3 + i**2 + i + 1. Determine b(y).
-1
Let k(j) = -j**3 + 2*j**2 + 3*j + 3. Let n be k(3). Suppose 6 = n*w - 6. Let m(o) = o**3 - 6*o**2 + 6*o - 6. Determine m(w).
-14
Let f(h) = h**2 + 10*h + 6. Let l(g) be the first derivative of -g**3/3 - 9*g**2/2 - 6*g + 8. Let n(k) = -2*f(k) - 3*l(k). What is n(-6)?
0
Let u be 37/(-5) - 2/(-5). Let p(w) = -w**2 - 9*w - 10. Let m be p(u). Let b(y) = -6*y + 5*y**2 + 0*y + 1 - m*y**2. Calculate b(4).
-7
Let y(v) = 2 + 4*v**2 - 4*v - 3*v**2 + v**2. Let o be y(2). Let l(h) = -5*h**o + 2 + 0*h + 4*h**2 - h. Determine l(2).
-4
Let b = 98 + -93. Let p(i) = -i**3 + 5*i**2 - i - 6. What is p(b)?
-11
Let h be 3/2*32/(-12) - 1. Let c(b) be the second derivative of b**4/12 + 2*b**3/3 + b**2/2 + 3*b. What is c(h)?
6
Let j = -12 + 14. Let u(n) = -13*n + 9*n + 7*n - 2. Calculate u(j).
4
Let a(u) = u + 9. Let v(h) = 5*h + 45. Let x(p) = 11*a(p) - 2*v(p). Give x(-10).
-1
Let m(z) be the first derivative of z**3/3 + 5*z**2/2 - 2*z - 2. Suppose 3*b = 4 + 5. Suppose 0 = 4*x + f + 21, -2*f - 40 + 18 = b*x. Calculate m(x).
-6
Let b be 1 - (-2 + 0)/2. Let v(r) = -4*r - 3*r**2 + 1 - 9 + 2*r**b - 4*r. Give v(-7).
-1
Let x(i) = 5*i + 8. Let m(v) = v - 1. Let s(n) = 12. Let t(f) = 4*m(f) + s(f). Let w(d) = 7*t(d) - 6*x(d). Give w(6).
-4
Suppose 5*w + 7 = -3, 4*g + 16 = 2*w. Suppose 9*j = 6*j. Let u(q) = q - 4 + j*q - 3*q. Give u(g).
6
Let v be -2*((-10)/4 - -1). Let g(x) = 5 - 3 - v + x. Let u = 13 + -18. What is g(u)?
-6
Let u(l) = -3*l**3 - l. Let g(m) = m**2 + m + 3. Let j be g(-3). Suppose 0 = j*k - 8*k - 1. Determine u(k).
-4
Let v = 1 - -1. Let t(o) = -3*o - 1. Let x(d) = 1 + 6*d - 2*d - 2*d - d. Let n(g) = v*x(g) + t(g). Calculate n(2).
-1
Let p(g) = 2*g**2 + 2*g - 1. Suppose 23 = 5*q - 37. Suppose -x + 3*x - 18 = 0. Let t be (x/(-12))/(q/(-32)). Determine p(t).
11
Let h(o) = o**3 - 3*o**2 - 2*o - 1. Let k be 3/6*-1*-6. Suppose k*a - 29 = -4*q, 37 = 3*a + 3*q + 13. Give h(a).
-7
Let p(n) = -n - 1. Suppose 4*z = z + 9. What is p(z)?
-4
Let a(o) = -3*o. Let l be 0 - 2 - (-1 - 2). Calculate a(l).
-3
Let n(y) = -y**2 - 7*y - 6. Let z = 6 + -8. Let d be (-5)/20 - z/8. Suppose -o + 5*o + 4*h + 36 = d, 4*o - 5*h = 0. Calculate n(o).
4
Let a(f) = f**2 - f - 6. Suppose 5*w - z = -8, 1 = -2*z - 3. Let r be ((-4)/(-3))/(3/(-9)). Let m be 1/(-2) + w/r. Calculate a(m).
-6
Let p(k) = 2 + 2 + 5*k + 0*k - 2*k. What is p(-3)?
-5
Suppose -2*v = -0*v - 16. Suppose -38 = -6*l - v. Let q(d) = -d**2 + 3*d + 3. What is q(l)?
-7
Let c(z) be the third derivative of z**7/2520 - z**6/720 - z**5/120 + z**4/8 + 4*z**2. Let y(v) be the second derivative of c(v). What is y(-2)?
5
Let j(o) = -o**3 + 3*o**2 + 5*o - 3. Let h(p) = -p**2 - 6*p - 4. Let g be h(-4). Determine j(g).
1
Let s(b) = -5*b**2 - 2*b + 1. Let q be 3 - 2 - (1 - 0). Let o(j) = -j**3 + j**2 + j - 4. Let y be o(q). Let f = 5 + y. What is s(f)?
-6
Let i(x) = -x**3 - 6*x**2 + 2. Let u be i(-6). Let f(s) = -2 - 3*s**2 + s + u. Give f(2).
-10
Suppose 0*u = -5*u + 15. Suppose -u*q + 9 = -0. Let l be 0 - -3 - (-3 + q). Let i(b) = b**3 - b**2 - b - 3. Determine i(l).
12
Suppose 6*u - 2 = 4*u. Let t(j) = -1 + u - j - 1. Suppose -5*x - 5 = -q - q, 6 = -3*q + 3*x. Calculate t(q).
4
Let k(b) be the third derivative of 0*b - 3*b**2 - 5/24*b**4 - 1/6*b**3 + 0. Let d be ((-3)/9)/(2/(-6)). Give k(d).
-6
Let t be 2/(-4) - 3/(-6). Suppose -w + 2*g + 10 = 0, -w = -t*w - g - 6. Let s(l) = -2*l - l + w*l. Give s(0).
0
Let g(a) be the second derivative of a**4/12 + 2*a**3/3 - a**2/2 + 19*a. What is g(-6)?
11
Let a = -19 + 19. Let m(q) = q**2 + q - 6. What is m(a)?
-6
Suppose 0 = 3*x + 23 - 11. Let g(p) = p**3 + 4*p**2 - 4*p. What is g(x)?
16
Let a(y) = y**2. Let m(q) = -q**3 - 10*q**2 + 3*q - 3. Let s(x) = 6*a(x) + m(x). Give s(-5).
7
Let n(o) = -o - 8. Let s(g) = -4. Let u(k) = 2*n(k) - 5*s(k). Suppose -4*c = -2*c - j - 15, 2*j + 10 = 0. Calculate u(c).
-6
Let t(d) = 4*d**3 - d**2. Let x be t(1). Suppose -3*g = -6 - x. Let a(p) = -4 - 3*p**3 + g + 4*p**3 + 2*p**2. Determine a(-2).
-1
Let h(c) = 4*c**2 - 3*c + 4. Let b(p) = -3*p**2 + 2*p - 3. Let f(q) = 3*b(q) + 2*h(q). Let x(j) = 4*j**2 + j + 8. Let t(y) = 5*f(y) + x(y). What is t(3)?
-3
Suppose 0 = -3*q + 6*q. Let i(y) = -y**3 + y**2. Let a be i(q). Suppose a = g - 1 - 1. Let v(d) = -2*d + 1. What is v(g)?
-3
Let c(g) = g**3 + 6*g**2 + 3. Let u = -41 + 35. Give c(u).
3
Let s(a) = 7*a**3 - 7*a**2 + 19*a - 17. Let r(y) = -11*y**3 + 10*y**2 - 29*y + 26. Let x(f) = -5*r(f) - 8*s(f). Give x(5).
-4
Let j(g) = 2*g + 6. Let x = 4 - -2. Determine j(x).
18
Let b(f) = -6 - f - 12 + 22. Determine b(5).
-1
Let b = 20 - 14. Suppose -b*p + 3*p = 18. Let h(y) = -y - 1. Calculate h(p).
5
Let i(f) = -19*f - 6. Let h(w) = -20*w - 7. Let a(o) = 5*h(o) - 6*i(o). Determine a(-1).
-13
Let c(i) = i**2 + 8. Let a be c(0). Let k(r) = r**3 - 9*r**2 + 7*r + 7. Calculate k(a).
-1
Suppose 0 = 2*y + o - 9, -o + 7 = 4*y - 6. Let m(s) = -y - 4*s + 6*s - 3*s. What is m(5)?
-7
Let y be (6/5 + 0)/(64/(-160)). Let l(o) = -o**2 - 2*o - 2. Give l(y).
-5
Suppose 0 = -3*k - k + 28. Let g(d) = 2*d - k*d - d + 7 + d**2. Let r(f) = f**2 - 5*f - 9. Let x be r(7). Calculate g(x).
2
Let s(j) = j**3 + j**2 - j. Let w(l) = 3*l + 13. Let t be w(-5).